{"id":103,"date":"2024-09-21T17:05:48","date_gmt":"2024-09-21T17:05:48","guid":{"rendered":"https:\/\/www.kehuwd.fi\/?page_id=103"},"modified":"2026-04-30T05:03:35","modified_gmt":"2026-04-30T05:03:35","slug":"ilmoittautuminen","status":"publish","type":"page","link":"https:\/\/www.kehuwd.fi\/index.php\/ilmoittautuminen\/","title":{"rendered":"Ilmoittautuminen"},"content":{"rendered":"\n<p class=\"has-large-font-size\">Ilmoittautuminen kes\u00e4kaudelle 2026 on nyt k\u00e4ynniss\u00e4!<\/p>\n\n\n\n<p>Syyskaudelle 2026 p\u00e4\u00e4sev\u00e4t nyt ilmoittautumaan kev\u00e4t- ja kes\u00e4kauden harrastajamme. L\u00f6yd\u00e4t oikean lomakkeen selaamalla alas.<\/p>\n\n\n\n<p class=\"has-large-font-size\">Kes\u00e4kauden kurssit l\u00f6yd\u00e4t <a href=\"https:\/\/www.kehuwd.fi\/index.php\/spessut\/lyhytkurssit\/\" data-type=\"page\" data-id=\"276\">t\u00e4\u00e4lt\u00e4<\/a>.<\/p>\n\n\n\n<p class=\"has-large-font-size\">Syyskauden kurssit julkaistaan nettisivulla kaikille avoimen ilmoittautumisen alkaessa 14.5.<\/p>\n\n\n\n<h2 class=\"wp-block-heading is-style-asterisk has-gradient-1-gradient-background has-background\">Ilmoittautuminen kes\u00e4kauden 2026 viikkotunneille (touko-kes\u00e4kuu 6 krt*)<\/h2>\n\n\n\n<p>T\u00e4ll\u00e4 lomakkeella p\u00e4\u00e4set ilmoittautumaan kes\u00e4kauden viikkotunneillemme. Huomioithan, ett\u00e4 ilmoittautuminen on sitova.<\/p>\n\n\n\n<p>*Mindful Yin jooga 3 krt (27.4. &#8211; 11.5.)<\/p>\n\n\n\n<p>*Mik\u00e4li haluat osallistua vain touko- tai kes\u00e4kuulle, kirjoita t\u00e4m\u00e4 lis\u00e4tietoihin. <\/p>\n\n\n<style id=\"wpforms-css-vars-461-block-25cef546-b9a2-4959-9c08-f8ad1b01f791\">\n\t\t\t\t#wpforms-461.wpforms-block-25cef546-b9a2-4959-9c08-f8ad1b01f791 {\n\t\t\t\t--wpforms-field-size-input-height: 43px;\n--wpforms-field-size-input-spacing: 15px;\n--wpforms-field-size-font-size: 16px;\n--wpforms-field-size-line-height: 19px;\n--wpforms-field-size-padding-h: 14px;\n--wpforms-field-size-checkbox-size: 16px;\n--wpforms-field-size-sublabel-spacing: 5px;\n--wpforms-field-size-icon-size: 1;\n--wpforms-label-size-font-size: 16px;\n--wpforms-label-size-line-height: 19px;\n--wpforms-label-size-sublabel-font-size: 14px;\n--wpforms-label-size-sublabel-line-height: 17px;\n--wpforms-button-size-font-size: 17px;\n--wpforms-button-size-height: 41px;\n--wpforms-button-size-padding-h: 15px;\n--wpforms-button-size-margin-top: 10px;\n\t\t\t}\n\t\t\t<\/style><div class=\"wpforms-container wpforms-container-full wpforms-block wpforms-block-25cef546-b9a2-4959-9c08-f8ad1b01f791 wpforms-render-modern\" id=\"wpforms-461\"><form id=\"wpforms-form-461\" class=\"wpforms-validate wpforms-form wpforms-ajax-form\" data-formid=\"461\" method=\"post\" enctype=\"multipart\/form-data\" action=\"\/index.php\/wp-json\/wp\/v2\/pages\/103\" data-token=\"07c5732ee91dcd51a35164bee0ad1f51\" data-token-time=\"1777537794\"><noscript class=\"wpforms-error-noscript\">Please enable JavaScript in your browser to complete this form.<\/noscript><div id=\"wpforms-error-noscript\" style=\"display: none;\">Please enable JavaScript in your browser to complete this form.<\/div><div class=\"wpforms-field-container\"><div id=\"wpforms-461-field_1-container\" class=\"wpforms-field wpforms-field-name\" data-field-id=\"1\"><label class=\"wpforms-field-label\" for=\"wpforms-461-field_1\">Nimi <span class=\"wpforms-required-label\" aria-hidden=\"true\">*<\/span><\/label><input type=\"text\" id=\"wpforms-461-field_1\" class=\"wpforms-field-medium wpforms-field-required\" name=\"wpforms[fields][1]\" aria-errormessage=\"wpforms-461-field_1-error\" required><\/div><div id=\"wpforms-461-field_2-container\" class=\"wpforms-field wpforms-field-email\" data-field-id=\"2\"><label class=\"wpforms-field-label\" for=\"wpforms-461-field_2\">S\u00e4hk\u00f6postiosoite <span class=\"wpforms-required-label\" aria-hidden=\"true\">*<\/span><\/label><input type=\"email\" id=\"wpforms-461-field_2\" class=\"wpforms-field-medium wpforms-field-required\" name=\"wpforms[fields][2]\" spellcheck=\"false\" aria-errormessage=\"wpforms-461-field_2-error\" required><\/div><div id=\"wpforms-461-field_3-container\" class=\"wpforms-field wpforms-field-number\" data-field-id=\"3\"><label class=\"wpforms-field-label\" for=\"wpforms-461-field_3\">Puhelinnumero <span class=\"wpforms-required-label\" aria-hidden=\"true\">*<\/span><\/label><input type=\"number\" id=\"wpforms-461-field_3\" class=\"wpforms-field-medium wpforms-field-required\" name=\"wpforms[fields][3]\" step=\"any\" aria-errormessage=\"wpforms-461-field_3-error\" required><\/div><div id=\"wpforms-461-field_4-container\" class=\"wpforms-field wpforms-field-textarea\" data-field-id=\"4\"><label class=\"wpforms-field-label\" for=\"wpforms-461-field_4\">Ilmoitan tunnille (jos jonkun muun kuin itseni)<\/label><textarea id=\"wpforms-461-field_4\" class=\"wpforms-field-medium\" name=\"wpforms[fields][4]\" aria-errormessage=\"wpforms-461-field_4-error\" aria-describedby=\"wpforms-461-field_4-description\" ><\/textarea><div id=\"wpforms-461-field_4-description\" class=\"wpforms-field-description\">Ilmoittaessasi tunnille lapsen, kirjoita t\u00e4h\u00e4n lapsen nimi ja ik\u00e4<\/div><\/div><div id=\"wpforms-461-field_5-container\" class=\"wpforms-field wpforms-field-radio\" data-field-id=\"5\"><fieldset><legend class=\"wpforms-field-label\">Kurssi, jolle haluan ilmoittautua <span class=\"wpforms-required-label\" aria-hidden=\"true\">*<\/span><\/legend><ul id=\"wpforms-461-field_5\" class=\"wpforms-field-required\"><li class=\"choice-6 depth-1\"><input type=\"radio\" id=\"wpforms-461-field_5_6\" name=\"wpforms[fields][5]\" value=\"Kehu Kids 3 - 6-v.\" aria-errormessage=\"wpforms-461-field_5_6-error\" required ><label class=\"wpforms-field-label-inline\" for=\"wpforms-461-field_5_6\">Kehu Kids 3 &#8211; 6-v.<\/label><\/li><li class=\"choice-7 depth-1\"><input type=\"radio\" id=\"wpforms-461-field_5_7\" name=\"wpforms[fields][5]\" value=\"Kehu Tricks 5 - 7-v.\" aria-errormessage=\"wpforms-461-field_5_7-error\" required ><label class=\"wpforms-field-label-inline\" for=\"wpforms-461-field_5_7\">Kehu Tricks 5 &#8211; 7-v.<\/label><\/li><li class=\"choice-11 depth-1\"><input type=\"radio\" id=\"wpforms-461-field_5_11\" name=\"wpforms[fields][5]\" value=\"Ballet Fusion 7 - 10-v.\" aria-errormessage=\"wpforms-461-field_5_11-error\" required ><label class=\"wpforms-field-label-inline\" for=\"wpforms-461-field_5_11\">Ballet Fusion 7 &#8211; 10-v.<\/label><\/li><li class=\"choice-2 depth-1\"><input type=\"radio\" id=\"wpforms-461-field_5_2\" name=\"wpforms[fields][5]\" value=\"Mindful Yin jooga 3 krt\" aria-errormessage=\"wpforms-461-field_5_2-error\" required ><label class=\"wpforms-field-label-inline\" for=\"wpforms-461-field_5_2\">Mindful Yin jooga 3 krt<\/label><\/li><li class=\"choice-9 depth-1\"><input type=\"radio\" id=\"wpforms-461-field_5_9\" name=\"wpforms[fields][5]\" value=\"Jazz Fusion, avoin taso tiistai\" aria-errormessage=\"wpforms-461-field_5_9-error\" required ><label class=\"wpforms-field-label-inline\" for=\"wpforms-461-field_5_9\">Jazz Fusion, avoin taso tiistai<\/label><\/li><li class=\"choice-4 depth-1\"><input type=\"radio\" id=\"wpforms-461-field_5_4\" name=\"wpforms[fields][5]\" value=\"Kehu Coreflow\" aria-errormessage=\"wpforms-461-field_5_4-error\" required ><label class=\"wpforms-field-label-inline\" for=\"wpforms-461-field_5_4\">Kehu Coreflow<\/label><\/li><li class=\"choice-8 depth-1\"><input type=\"radio\" id=\"wpforms-461-field_5_8\" name=\"wpforms[fields][5]\" value=\"Ballet Fusion, avoin taso\" aria-errormessage=\"wpforms-461-field_5_8-error\" required ><label class=\"wpforms-field-label-inline\" for=\"wpforms-461-field_5_8\">Ballet Fusion, avoin taso<\/label><\/li><\/ul><\/fieldset><\/div><div id=\"wpforms-461-field_6-container\" class=\"wpforms-field wpforms-field-textarea\" data-field-id=\"6\"><label class=\"wpforms-field-label\" for=\"wpforms-461-field_6\">Lis\u00e4tietoja<\/label><textarea id=\"wpforms-461-field_6\" class=\"wpforms-field-medium\" name=\"wpforms[fields][6]\" aria-errormessage=\"wpforms-461-field_6-error\" ><\/textarea><\/div>\t\t<div id=\"wpforms-461-field_9-container\"\n\t\t\tclass=\"wpforms-field wpforms-field-text\"\n\t\t\tdata-field-type=\"text\"\n\t\t\tdata-field-id=\"9\"\n\t\t\t>\n\t\t\t<label class=\"wpforms-field-label\" for=\"wpforms-461-field_9\" >Tietoni tapahtumista varten<\/label>\n\t\t\t<input type=\"text\" id=\"wpforms-461-field_9\" class=\"wpforms-field-medium\" name=\"wpforms[fields][9]\" >\n\t\t<\/div>\n\t\t<div id=\"wpforms-461-field_7-container\" class=\"wpforms-field wpforms-field-checkbox\" data-field-id=\"7\"><fieldset><legend class=\"wpforms-field-label\">Tietoni saa s\u00e4ilytt\u00e4\u00e4 t\u00e4m\u00e4n kauden ajan kursseihin liittyv\u00e4\u00e4 tiedotusta varten <span class=\"wpforms-required-label\" aria-hidden=\"true\">*<\/span><\/legend><ul id=\"wpforms-461-field_7\" class=\"wpforms-field-required\"><li class=\"choice-1 depth-1\"><input type=\"checkbox\" id=\"wpforms-461-field_7_1\" name=\"wpforms[fields][7][]\" value=\"Hyv\u00e4ksyn\" aria-errormessage=\"wpforms-461-field_7_1-error\" required ><label class=\"wpforms-field-label-inline\" for=\"wpforms-461-field_7_1\">Hyv\u00e4ksyn<\/label><\/li><\/ul><\/fieldset><\/div><div id=\"wpforms-461-field_8-container\" class=\"wpforms-field wpforms-field-checkbox\" data-field-id=\"8\"><fieldset><legend class=\"wpforms-field-label\">Haluan liitty\u00e4 s\u00e4hk\u00f6postilistalle ja saada tietoa mm. tulevista tapahtumista<\/legend><ul id=\"wpforms-461-field_8\"><li class=\"choice-1 depth-1\"><input type=\"checkbox\" id=\"wpforms-461-field_8_1\" name=\"wpforms[fields][8][]\" value=\"Lis\u00e4\u00e4 minut\" aria-errormessage=\"wpforms-461-field_8_1-error\"  ><label class=\"wpforms-field-label-inline\" for=\"wpforms-461-field_8_1\">Lis\u00e4\u00e4 minut<\/label><\/li><\/ul><\/fieldset><\/div><script>\n\t\t\t\t( function() {\n\t\t\t\t\tconst style = document.createElement( 'style' );\n\t\t\t\t\tstyle.appendChild( document.createTextNode( '#wpforms-461-field_9-container { position: absolute !important; overflow: hidden !important; display: inline !important; height: 1px !important; width: 1px !important; z-index: -1000 !important; padding: 0 !important; } #wpforms-461-field_9-container input { visibility: hidden; } #wpforms-conversational-form-page #wpforms-461-field_9-container label { counter-increment: none; }' ) );\n\t\t\t\t\tdocument.head.appendChild( style );\n\t\t\t\t\tdocument.currentScript?.remove();\n\t\t\t\t} )();\n\t\t\t<\/script><\/div><!-- .wpforms-field-container --><div class=\"wpforms-submit-container\" ><input type=\"hidden\" name=\"wpforms[id]\" value=\"461\"><input type=\"hidden\" name=\"page_title\" value=\"\"><input type=\"hidden\" name=\"page_url\" value=\"https:\/\/www.kehuwd.fi\/index.php\/wp-json\/wp\/v2\/pages\/103\"><input type=\"hidden\" name=\"url_referer\" value=\"\"><button type=\"submit\" name=\"wpforms[submit]\" id=\"wpforms-submit-461\" class=\"wpforms-submit\" data-alt-text=\"Ilmoittautumistasi l\u00e4hetet\u00e4\u00e4n...\" data-submit-text=\"L\u00e4het\u00e4\" aria-live=\"assertive\" value=\"wpforms-submit\">L\u00e4het\u00e4<\/button><img loading=\"lazy\" decoding=\"async\" src=\"https:\/\/www.kehuwd.fi\/wp-content\/plugins\/wpforms-lite\/assets\/images\/submit-spin.svg\" class=\"wpforms-submit-spinner\" style=\"display: none;\" width=\"26\" height=\"26\" alt=\"Loading\"><\/div><\/form><\/div>  <!-- .wpforms-container -->\n\n\n<h2 class=\"wp-block-heading is-style-asterisk has-gradient-3-gradient-background has-background\">Ilmoittautuminen syyskauden viikkotunneille<\/h2>\n\n\n\n<p>Voit ilmoittautua syyskauden 2026 kurssille jo nyt, mik\u00e4li olet ollut mukana kev\u00e4t- tai kes\u00e4kauden kursseilla. <\/p>\n\n\n\n<p>KAIKILLE AVOIN ILMOITTAUTUMINEN ALKAA TO 14.5. KLO 8:00<\/p>\n\n\n<style id=\"wpforms-css-vars-559-block-623174d4-53c9-4917-a479-01ca455f2efe\">\n\t\t\t\t#wpforms-559.wpforms-block-623174d4-53c9-4917-a479-01ca455f2efe {\n\t\t\t\t--wpforms-field-size-input-height: 43px;\n--wpforms-field-size-input-spacing: 15px;\n--wpforms-field-size-font-size: 16px;\n--wpforms-field-size-line-height: 19px;\n--wpforms-field-size-padding-h: 14px;\n--wpforms-field-size-checkbox-size: 16px;\n--wpforms-field-size-sublabel-spacing: 5px;\n--wpforms-field-size-icon-size: 1;\n--wpforms-label-size-font-size: 16px;\n--wpforms-label-size-line-height: 19px;\n--wpforms-label-size-sublabel-font-size: 14px;\n--wpforms-label-size-sublabel-line-height: 17px;\n--wpforms-button-size-font-size: 17px;\n--wpforms-button-size-height: 41px;\n--wpforms-button-size-padding-h: 15px;\n--wpforms-button-size-margin-top: 10px;\n\t\t\t}\n\t\t\t<\/style><div class=\"wpforms-container wpforms-container-full wpforms-block wpforms-block-623174d4-53c9-4917-a479-01ca455f2efe wpforms-render-modern\" id=\"wpforms-559\"><form id=\"wpforms-form-559\" class=\"wpforms-validate wpforms-form wpforms-ajax-form\" data-formid=\"559\" method=\"post\" enctype=\"multipart\/form-data\" action=\"\/index.php\/wp-json\/wp\/v2\/pages\/103\" data-token=\"0fd4c614b0bf699f6b04e4a200610ee9\" data-token-time=\"1777537794\"><noscript class=\"wpforms-error-noscript\">Please enable JavaScript in your browser to complete this form.<\/noscript><div id=\"wpforms-error-noscript\" style=\"display: none;\">Please enable JavaScript in your browser to complete this form.<\/div><div class=\"wpforms-field-container\"><div id=\"wpforms-559-field_1-container\" class=\"wpforms-field wpforms-field-name\" data-field-id=\"1\"><label class=\"wpforms-field-label\" for=\"wpforms-559-field_1\">Nimi <span class=\"wpforms-required-label\" aria-hidden=\"true\">*<\/span><\/label><input type=\"text\" id=\"wpforms-559-field_1\" class=\"wpforms-field-medium wpforms-field-required\" name=\"wpforms[fields][1]\" aria-errormessage=\"wpforms-559-field_1-error\" required><\/div><div id=\"wpforms-559-field_3-container\" class=\"wpforms-field wpforms-field-number\" data-field-id=\"3\"><label class=\"wpforms-field-label\" for=\"wpforms-559-field_3\">Puhelinnumero <span class=\"wpforms-required-label\" aria-hidden=\"true\">*<\/span><\/label><input type=\"number\" id=\"wpforms-559-field_3\" class=\"wpforms-field-medium wpforms-field-required\" name=\"wpforms[fields][3]\" step=\"any\" aria-errormessage=\"wpforms-559-field_3-error\" required><\/div><div id=\"wpforms-559-field_2-container\" class=\"wpforms-field wpforms-field-email\" data-field-id=\"2\"><label class=\"wpforms-field-label\" for=\"wpforms-559-field_2\">S\u00e4hk\u00f6postiosoite <span class=\"wpforms-required-label\" aria-hidden=\"true\">*<\/span><\/label><input type=\"email\" id=\"wpforms-559-field_2\" class=\"wpforms-field-medium wpforms-field-required\" name=\"wpforms[fields][2]\" spellcheck=\"false\" aria-errormessage=\"wpforms-559-field_2-error\" required><\/div><div id=\"wpforms-559-field_4-container\" class=\"wpforms-field wpforms-field-textarea\" data-field-id=\"4\"><label class=\"wpforms-field-label\" for=\"wpforms-559-field_4\">Ilmoitan tunnille (jos jonkun muun kuin itseni)<\/label><textarea id=\"wpforms-559-field_4\" class=\"wpforms-field-medium\" name=\"wpforms[fields][4]\" aria-errormessage=\"wpforms-559-field_4-error\" aria-describedby=\"wpforms-559-field_4-description\" ><\/textarea><div id=\"wpforms-559-field_4-description\" class=\"wpforms-field-description\">Ilmoittaessasi tunnille lapsen, kirjoita t\u00e4h\u00e4n lapsen nimi ja ik\u00e4<\/div><\/div><div id=\"wpforms-559-field_5-container\" class=\"wpforms-field wpforms-field-radio\" data-field-id=\"5\"><fieldset><legend class=\"wpforms-field-label\">Kurssi, jolle haluan ilmoittautua <span class=\"wpforms-required-label\" aria-hidden=\"true\">*<\/span><\/legend><ul id=\"wpforms-559-field_5\" class=\"wpforms-field-required\"><li class=\"choice-13 depth-1\"><input type=\"radio\" id=\"wpforms-559-field_5_13\" name=\"wpforms[fields][5]\" value=\"Satubaletti 4 - 6-v.\" aria-errormessage=\"wpforms-559-field_5_13-error\" required ><label class=\"wpforms-field-label-inline\" for=\"wpforms-559-field_5_13\">Satubaletti 4 &#8211; 6-v.<\/label><\/li><li class=\"choice-6 depth-1\"><input type=\"radio\" id=\"wpforms-559-field_5_6\" name=\"wpforms[fields][5]\" value=\"Kehu Kids 3 - 6-v.\" aria-errormessage=\"wpforms-559-field_5_6-error\" required ><label class=\"wpforms-field-label-inline\" for=\"wpforms-559-field_5_6\">Kehu Kids 3 &#8211; 6-v.<\/label><\/li><li class=\"choice-7 depth-1\"><input type=\"radio\" id=\"wpforms-559-field_5_7\" name=\"wpforms[fields][5]\" value=\"Kehu Tricks 6 - 9-v.\" aria-errormessage=\"wpforms-559-field_5_7-error\" required ><label class=\"wpforms-field-label-inline\" for=\"wpforms-559-field_5_7\">Kehu Tricks 6 &#8211; 9-v.<\/label><\/li><li class=\"choice-11 depth-1\"><input type=\"radio\" id=\"wpforms-559-field_5_11\" name=\"wpforms[fields][5]\" value=\"Ballet Fusion 7 - 9-v.\" aria-errormessage=\"wpforms-559-field_5_11-error\" required ><label class=\"wpforms-field-label-inline\" for=\"wpforms-559-field_5_11\">Ballet Fusion 7 &#8211; 9-v.<\/label><\/li><li class=\"choice-12 depth-1\"><input type=\"radio\" id=\"wpforms-559-field_5_12\" name=\"wpforms[fields][5]\" value=\"Kehu Flow\" aria-errormessage=\"wpforms-559-field_5_12-error\" required ><label class=\"wpforms-field-label-inline\" for=\"wpforms-559-field_5_12\">Kehu Flow<\/label><\/li><li class=\"choice-9 depth-1\"><input type=\"radio\" id=\"wpforms-559-field_5_9\" name=\"wpforms[fields][5]\" value=\"Jazz Fusion, avoin taso tiistai\" aria-errormessage=\"wpforms-559-field_5_9-error\" required ><label class=\"wpforms-field-label-inline\" for=\"wpforms-559-field_5_9\">Jazz Fusion, avoin taso tiistai<\/label><\/li><li class=\"choice-4 depth-1\"><input type=\"radio\" id=\"wpforms-559-field_5_4\" name=\"wpforms[fields][5]\" value=\"Kehu Coreflow\" aria-errormessage=\"wpforms-559-field_5_4-error\" required ><label class=\"wpforms-field-label-inline\" for=\"wpforms-559-field_5_4\">Kehu Coreflow<\/label><\/li><li class=\"choice-8 depth-1\"><input type=\"radio\" id=\"wpforms-559-field_5_8\" name=\"wpforms[fields][5]\" value=\"Ballet Fusion, avoin taso\" aria-errormessage=\"wpforms-559-field_5_8-error\" required ><label class=\"wpforms-field-label-inline\" for=\"wpforms-559-field_5_8\">Ballet Fusion, avoin taso<\/label><\/li><\/ul><\/fieldset><\/div>\t\t<div id=\"wpforms-559-field_9-container\"\n\t\t\tclass=\"wpforms-field wpforms-field-text\"\n\t\t\tdata-field-type=\"text\"\n\t\t\tdata-field-id=\"9\"\n\t\t\t>\n\t\t\t<label class=\"wpforms-field-label\" for=\"wpforms-559-field_9\" >ja Haluan jonkun<\/label>\n\t\t\t<input type=\"text\" id=\"wpforms-559-field_9\" class=\"wpforms-field-medium\" name=\"wpforms[fields][9]\" >\n\t\t<\/div>\n\t\t<div id=\"wpforms-559-field_6-container\" class=\"wpforms-field wpforms-field-textarea\" data-field-id=\"6\"><label class=\"wpforms-field-label\" for=\"wpforms-559-field_6\">Lis\u00e4tietoja<\/label><textarea id=\"wpforms-559-field_6\" class=\"wpforms-field-medium\" name=\"wpforms[fields][6]\" aria-errormessage=\"wpforms-559-field_6-error\" ><\/textarea><\/div><div id=\"wpforms-559-field_7-container\" class=\"wpforms-field wpforms-field-checkbox\" data-field-id=\"7\"><fieldset><legend class=\"wpforms-field-label\">Tietoni saa s\u00e4ilytt\u00e4\u00e4 t\u00e4m\u00e4n kauden ajan kursseihin liittyv\u00e4\u00e4 tiedotusta varten <span class=\"wpforms-required-label\" aria-hidden=\"true\">*<\/span><\/legend><ul id=\"wpforms-559-field_7\" class=\"wpforms-field-required\"><li class=\"choice-1 depth-1\"><input type=\"checkbox\" id=\"wpforms-559-field_7_1\" name=\"wpforms[fields][7][]\" value=\"Hyv\u00e4ksyn\" aria-errormessage=\"wpforms-559-field_7_1-error\" required ><label class=\"wpforms-field-label-inline\" for=\"wpforms-559-field_7_1\">Hyv\u00e4ksyn<\/label><\/li><\/ul><\/fieldset><\/div><div id=\"wpforms-559-field_8-container\" class=\"wpforms-field wpforms-field-checkbox\" data-field-id=\"8\"><fieldset><legend class=\"wpforms-field-label\">Haluan liitty\u00e4 s\u00e4hk\u00f6postilistalle ja saada tietoa mm. tulevista tapahtumista<\/legend><ul id=\"wpforms-559-field_8\"><li class=\"choice-1 depth-1\"><input type=\"checkbox\" id=\"wpforms-559-field_8_1\" name=\"wpforms[fields][8][]\" value=\"Lis\u00e4\u00e4 minut\" aria-errormessage=\"wpforms-559-field_8_1-error\"  ><label class=\"wpforms-field-label-inline\" for=\"wpforms-559-field_8_1\">Lis\u00e4\u00e4 minut<\/label><\/li><\/ul><\/fieldset><\/div><script>\n\t\t\t\t( function() {\n\t\t\t\t\tconst style = document.createElement( 'style' );\n\t\t\t\t\tstyle.appendChild( document.createTextNode( '#wpforms-461-field_9-container,#wpforms-559-field_9-container { position: absolute !important; overflow: hidden !important; display: inline !important; height: 1px !important; width: 1px !important; z-index: -1000 !important; padding: 0 !important; } #wpforms-461-field_9-container,#wpforms-559-field_9-container input { visibility: hidden; } #wpforms-conversational-form-page #wpforms-461-field_9-container,#wpforms-559-field_9-container label { counter-increment: none; }' ) );\n\t\t\t\t\tdocument.head.appendChild( style );\n\t\t\t\t\tdocument.currentScript?.remove();\n\t\t\t\t} )();\n\t\t\t<\/script><\/div><!-- .wpforms-field-container --><div class=\"wpforms-submit-container\" ><input type=\"hidden\" name=\"wpforms[id]\" value=\"559\"><input type=\"hidden\" name=\"page_title\" value=\"\"><input type=\"hidden\" name=\"page_url\" value=\"https:\/\/www.kehuwd.fi\/index.php\/wp-json\/wp\/v2\/pages\/103\"><input type=\"hidden\" name=\"url_referer\" value=\"\"><button type=\"submit\" name=\"wpforms[submit]\" id=\"wpforms-submit-559\" class=\"wpforms-submit\" data-alt-text=\"Ilmoittautumistasi l\u00e4hetet\u00e4\u00e4n...\" data-submit-text=\"L\u00e4het\u00e4\" aria-live=\"assertive\" value=\"wpforms-submit\">L\u00e4het\u00e4<\/button><img loading=\"lazy\" decoding=\"async\" src=\"https:\/\/www.kehuwd.fi\/wp-content\/plugins\/wpforms-lite\/assets\/images\/submit-spin.svg\" class=\"wpforms-submit-spinner\" style=\"display: none;\" width=\"26\" height=\"26\" alt=\"Loading\"><\/div><\/form><\/div>  <!-- .wpforms-container -->\n\n\n<p><\/p>\n\n\n\n<h2 class=\"wp-block-heading\"><\/h2>\n\n\n\n<p><\/p>\n","protected":false},"excerpt":{"rendered":"<p>Ilmoittautuminen kes\u00e4kaudelle 2026 on nyt k\u00e4ynniss\u00e4! Syyskaudelle 2026 p\u00e4\u00e4sev\u00e4t nyt ilmoittautumaan kev\u00e4t- ja kes\u00e4kauden harrastajamme. L\u00f6yd\u00e4t oikean lomakkeen selaamalla alas. Kes\u00e4kauden kurssit l\u00f6yd\u00e4t t\u00e4\u00e4lt\u00e4. Syyskauden kurssit julkaistaan nettisivulla kaikille avoimen ilmoittautumisen alkaessa 14.5. Ilmoittautuminen kes\u00e4kauden 2026 viikkotunneille (touko-kes\u00e4kuu 6 krt*) T\u00e4ll\u00e4 lomakkeella p\u00e4\u00e4set ilmoittautumaan kes\u00e4kauden viikkotunneillemme. Huomioithan, ett\u00e4 ilmoittautuminen on sitova. *Mindful Yin jooga 3 [&hellip;]<\/p>\n","protected":false},"author":1,"featured_media":0,"parent":0,"menu_order":0,"comment_status":"closed","ping_status":"closed","template":"","meta":{"footnotes":""},"class_list":["post-103","page","type-page","status-publish","hentry"],"_links":{"self":[{"href":"https:\/\/www.kehuwd.fi\/index.php\/wp-json\/wp\/v2\/pages\/103","targetHints":{"allow":["GET"]}}],"collection":[{"href":"https:\/\/www.kehuwd.fi\/index.php\/wp-json\/wp\/v2\/pages"}],"about":[{"href":"https:\/\/www.kehuwd.fi\/index.php\/wp-json\/wp\/v2\/types\/page"}],"author":[{"embeddable":true,"href":"https:\/\/www.kehuwd.fi\/index.php\/wp-json\/wp\/v2\/users\/1"}],"replies":[{"embeddable":true,"href":"https:\/\/www.kehuwd.fi\/index.php\/wp-json\/wp\/v2\/comments?post=103"}],"version-history":[{"count":40,"href":"https:\/\/www.kehuwd.fi\/index.php\/wp-json\/wp\/v2\/pages\/103\/revisions"}],"predecessor-version":[{"id":567,"href":"https:\/\/www.kehuwd.fi\/index.php\/wp-json\/wp\/v2\/pages\/103\/revisions\/567"}],"wp:attachment":[{"href":"https:\/\/www.kehuwd.fi\/index.php\/wp-json\/wp\/v2\/media?parent=103"}],"curies":[{"name":"wp","href":"https:\/\/api.w.org\/{rel}","templated":true}]}}